{"id":39504,"date":"2023-06-12T14:25:00","date_gmt":"2023-06-12T14:25:00","guid":{"rendered":"https:\/\/trojka.pl\/?post_type=product&#038;p=39504"},"modified":"2023-06-12T14:25:07","modified_gmt":"2023-06-12T14:25:07","slug":"nozyczki-do-swiatlowodow-2","status":"publish","type":"product","link":"https:\/\/trojka.pl\/index.php\/produkt\/nozyczki-do-swiatlowodow-2\/","title":{"rendered":"NO\u017bYCZKI DO \u015aWIAT\u0141OWOD\u00d3W"},"content":{"rendered":"","protected":false},"excerpt":{"rendered":"","protected":false},"featured_media":0,"template":"","meta":[],"product_cat":[24],"product_tag":[],"class_list":["post-39504","product","type-product","status-publish","hentry","product_cat-bez-kategorii"],"_links":{"self":[{"href":"https:\/\/trojka.pl\/index.php\/wp-json\/wp\/v2\/product\/39504","targetHints":{"allow":["GET"]}}],"collection":[{"href":"https:\/\/trojka.pl\/index.php\/wp-json\/wp\/v2\/product"}],"about":[{"href":"https:\/\/trojka.pl\/index.php\/wp-json\/wp\/v2\/types\/product"}],"wp:attachment":[{"href":"https:\/\/trojka.pl\/index.php\/wp-json\/wp\/v2\/media?parent=39504"}],"wp:term":[{"taxonomy":"product_cat","embeddable":true,"href":"https:\/\/trojka.pl\/index.php\/wp-json\/wp\/v2\/product_cat?post=39504"},{"taxonomy":"product_tag","embeddable":true,"href":"https:\/\/trojka.pl\/index.php\/wp-json\/wp\/v2\/product_tag?post=39504"}],"curies":[{"name":"wp","href":"https:\/\/api.w.org\/{rel}","templated":true}]}}