{"id":38720,"date":"2023-06-12T14:18:41","date_gmt":"2023-06-12T14:18:41","guid":{"rendered":"https:\/\/trojka.pl\/?post_type=product&#038;p=38720"},"modified":"2023-06-12T14:18:50","modified_gmt":"2023-06-12T14:18:50","slug":"led-3mm-12v-zolta-clear-2","status":"publish","type":"product","link":"https:\/\/trojka.pl\/index.php\/produkt\/led-3mm-12v-zolta-clear-2\/","title":{"rendered":"LED 3mm 12V \u017b\u00d3\u0141TA CLEAR"},"content":{"rendered":"","protected":false},"excerpt":{"rendered":"","protected":false},"featured_media":0,"template":"","meta":[],"product_cat":[24],"product_tag":[],"class_list":["post-38720","product","type-product","status-publish","hentry","product_cat-bez-kategorii"],"_links":{"self":[{"href":"https:\/\/trojka.pl\/index.php\/wp-json\/wp\/v2\/product\/38720","targetHints":{"allow":["GET"]}}],"collection":[{"href":"https:\/\/trojka.pl\/index.php\/wp-json\/wp\/v2\/product"}],"about":[{"href":"https:\/\/trojka.pl\/index.php\/wp-json\/wp\/v2\/types\/product"}],"wp:attachment":[{"href":"https:\/\/trojka.pl\/index.php\/wp-json\/wp\/v2\/media?parent=38720"}],"wp:term":[{"taxonomy":"product_cat","embeddable":true,"href":"https:\/\/trojka.pl\/index.php\/wp-json\/wp\/v2\/product_cat?post=38720"},{"taxonomy":"product_tag","embeddable":true,"href":"https:\/\/trojka.pl\/index.php\/wp-json\/wp\/v2\/product_tag?post=38720"}],"curies":[{"name":"wp","href":"https:\/\/api.w.org\/{rel}","templated":true}]}}