{"id":31185,"date":"2022-09-15T18:14:42","date_gmt":"2022-09-15T18:14:42","guid":{"rendered":"https:\/\/trojka.pl\/index.php\/produkt\/pedzel-esd-rozne-rozmiary\/"},"modified":"2022-09-15T18:14:42","modified_gmt":"2022-09-15T18:14:42","slug":"pedzel-esd-rozne-rozmiary","status":"publish","type":"product","link":"https:\/\/trojka.pl\/index.php\/produkt\/pedzel-esd-rozne-rozmiary\/","title":{"rendered":"P\u0118DZEL ESD R\u00d3\u017bNE ROZMIARY"},"content":{"rendered":"","protected":false},"excerpt":{"rendered":"","protected":false},"featured_media":0,"template":"","meta":[],"product_cat":[24],"product_tag":[],"class_list":["post-31185","product","type-product","status-publish","hentry","product_cat-bez-kategorii"],"_links":{"self":[{"href":"https:\/\/trojka.pl\/index.php\/wp-json\/wp\/v2\/product\/31185","targetHints":{"allow":["GET"]}}],"collection":[{"href":"https:\/\/trojka.pl\/index.php\/wp-json\/wp\/v2\/product"}],"about":[{"href":"https:\/\/trojka.pl\/index.php\/wp-json\/wp\/v2\/types\/product"}],"wp:attachment":[{"href":"https:\/\/trojka.pl\/index.php\/wp-json\/wp\/v2\/media?parent=31185"}],"wp:term":[{"taxonomy":"product_cat","embeddable":true,"href":"https:\/\/trojka.pl\/index.php\/wp-json\/wp\/v2\/product_cat?post=31185"},{"taxonomy":"product_tag","embeddable":true,"href":"https:\/\/trojka.pl\/index.php\/wp-json\/wp\/v2\/product_tag?post=31185"}],"curies":[{"name":"wp","href":"https:\/\/api.w.org\/{rel}","templated":true}]}}