{"id":30981,"date":"2022-09-15T18:14:03","date_gmt":"2022-09-15T18:14:03","guid":{"rendered":"https:\/\/trojka.pl\/index.php\/produkt\/obudowa-z-135-135-60-jasny-dol-bezbarwna-gora-z-uszczelka-i-tulejami-mosieznymi-abs-pc\/"},"modified":"2022-09-15T18:14:03","modified_gmt":"2022-09-15T18:14:03","slug":"obudowa-z-135-135-60-jasny-dol-bezbarwna-gora-z-uszczelka-i-tulejami-mosieznymi-abs-pc","status":"publish","type":"product","link":"https:\/\/trojka.pl\/index.php\/produkt\/obudowa-z-135-135-60-jasny-dol-bezbarwna-gora-z-uszczelka-i-tulejami-mosieznymi-abs-pc\/","title":{"rendered":"OBUDOWA Z-135.135.60 JASNY D\u00d3\u0141 BEZBARWNA G\u00d3RA Z USZCZELK\u0104 I TULEJAMI MOSI\u0118\u017bNYMI ABS-PC"},"content":{"rendered":"","protected":false},"excerpt":{"rendered":"","protected":false},"featured_media":0,"template":"","meta":[],"product_cat":[24],"product_tag":[],"class_list":["post-30981","product","type-product","status-publish","hentry","product_cat-bez-kategorii"],"_links":{"self":[{"href":"https:\/\/trojka.pl\/index.php\/wp-json\/wp\/v2\/product\/30981","targetHints":{"allow":["GET"]}}],"collection":[{"href":"https:\/\/trojka.pl\/index.php\/wp-json\/wp\/v2\/product"}],"about":[{"href":"https:\/\/trojka.pl\/index.php\/wp-json\/wp\/v2\/types\/product"}],"wp:attachment":[{"href":"https:\/\/trojka.pl\/index.php\/wp-json\/wp\/v2\/media?parent=30981"}],"wp:term":[{"taxonomy":"product_cat","embeddable":true,"href":"https:\/\/trojka.pl\/index.php\/wp-json\/wp\/v2\/product_cat?post=30981"},{"taxonomy":"product_tag","embeddable":true,"href":"https:\/\/trojka.pl\/index.php\/wp-json\/wp\/v2\/product_tag?post=30981"}],"curies":[{"name":"wp","href":"https:\/\/api.w.org\/{rel}","templated":true}]}}