{"id":30413,"date":"2022-09-15T18:12:23","date_gmt":"2022-09-15T18:12:23","guid":{"rendered":"https:\/\/trojka.pl\/index.php\/produkt\/modul-przetwornicy-napiecia-step-down-z-wysw-led\/"},"modified":"2022-09-15T18:12:23","modified_gmt":"2022-09-15T18:12:23","slug":"modul-przetwornicy-napiecia-step-down-z-wysw-led","status":"publish","type":"product","link":"https:\/\/trojka.pl\/index.php\/produkt\/modul-przetwornicy-napiecia-step-down-z-wysw-led\/","title":{"rendered":"MODU\u0141 PRZETWORNICY NAPI\u0118CIA STEP DOWN Z WY\u015aW. LED"},"content":{"rendered":"","protected":false},"excerpt":{"rendered":"","protected":false},"featured_media":0,"template":"","meta":[],"product_cat":[24],"product_tag":[],"class_list":["post-30413","product","type-product","status-publish","hentry","product_cat-bez-kategorii"],"_links":{"self":[{"href":"https:\/\/trojka.pl\/index.php\/wp-json\/wp\/v2\/product\/30413","targetHints":{"allow":["GET"]}}],"collection":[{"href":"https:\/\/trojka.pl\/index.php\/wp-json\/wp\/v2\/product"}],"about":[{"href":"https:\/\/trojka.pl\/index.php\/wp-json\/wp\/v2\/types\/product"}],"wp:attachment":[{"href":"https:\/\/trojka.pl\/index.php\/wp-json\/wp\/v2\/media?parent=30413"}],"wp:term":[{"taxonomy":"product_cat","embeddable":true,"href":"https:\/\/trojka.pl\/index.php\/wp-json\/wp\/v2\/product_cat?post=30413"},{"taxonomy":"product_tag","embeddable":true,"href":"https:\/\/trojka.pl\/index.php\/wp-json\/wp\/v2\/product_tag?post=30413"}],"curies":[{"name":"wp","href":"https:\/\/api.w.org\/{rel}","templated":true}]}}