{"id":30228,"date":"2022-09-15T18:11:52","date_gmt":"2022-09-15T18:11:52","guid":{"rendered":"https:\/\/trojka.pl\/index.php\/produkt\/mikroprzelacznik-katowy-p-takt-swo-19\/"},"modified":"2022-09-15T18:11:52","modified_gmt":"2022-09-15T18:11:52","slug":"mikroprzelacznik-katowy-p-takt-swo-19","status":"publish","type":"product","link":"https:\/\/trojka.pl\/index.php\/produkt\/mikroprzelacznik-katowy-p-takt-swo-19\/","title":{"rendered":"MIKROPRZE\u0141\u0104CZNIK k\u0105towy P-TAKT-SWO\/19"},"content":{"rendered":"","protected":false},"excerpt":{"rendered":"","protected":false},"featured_media":0,"template":"","meta":[],"product_cat":[24],"product_tag":[],"class_list":["post-30228","product","type-product","status-publish","hentry","product_cat-bez-kategorii"],"_links":{"self":[{"href":"https:\/\/trojka.pl\/index.php\/wp-json\/wp\/v2\/product\/30228","targetHints":{"allow":["GET"]}}],"collection":[{"href":"https:\/\/trojka.pl\/index.php\/wp-json\/wp\/v2\/product"}],"about":[{"href":"https:\/\/trojka.pl\/index.php\/wp-json\/wp\/v2\/types\/product"}],"wp:attachment":[{"href":"https:\/\/trojka.pl\/index.php\/wp-json\/wp\/v2\/media?parent=30228"}],"wp:term":[{"taxonomy":"product_cat","embeddable":true,"href":"https:\/\/trojka.pl\/index.php\/wp-json\/wp\/v2\/product_cat?post=30228"},{"taxonomy":"product_tag","embeddable":true,"href":"https:\/\/trojka.pl\/index.php\/wp-json\/wp\/v2\/product_tag?post=30228"}],"curies":[{"name":"wp","href":"https:\/\/api.w.org\/{rel}","templated":true}]}}