{"id":29891,"date":"2022-09-15T18:10:56","date_gmt":"2022-09-15T18:10:56","guid":{"rendered":"https:\/\/trojka.pl\/index.php\/produkt\/led-smd-zolta-1206\/"},"modified":"2022-09-15T18:10:56","modified_gmt":"2022-09-15T18:10:56","slug":"led-smd-zolta-1206","status":"publish","type":"product","link":"https:\/\/trojka.pl\/index.php\/produkt\/led-smd-zolta-1206\/","title":{"rendered":"LED SMD \u017b\u00d3\u0141TA 1206"},"content":{"rendered":"","protected":false},"excerpt":{"rendered":"","protected":false},"featured_media":0,"template":"","meta":[],"product_cat":[24],"product_tag":[],"class_list":["post-29891","product","type-product","status-publish","hentry","product_cat-bez-kategorii"],"_links":{"self":[{"href":"https:\/\/trojka.pl\/index.php\/wp-json\/wp\/v2\/product\/29891","targetHints":{"allow":["GET"]}}],"collection":[{"href":"https:\/\/trojka.pl\/index.php\/wp-json\/wp\/v2\/product"}],"about":[{"href":"https:\/\/trojka.pl\/index.php\/wp-json\/wp\/v2\/types\/product"}],"wp:attachment":[{"href":"https:\/\/trojka.pl\/index.php\/wp-json\/wp\/v2\/media?parent=29891"}],"wp:term":[{"taxonomy":"product_cat","embeddable":true,"href":"https:\/\/trojka.pl\/index.php\/wp-json\/wp\/v2\/product_cat?post=29891"},{"taxonomy":"product_tag","embeddable":true,"href":"https:\/\/trojka.pl\/index.php\/wp-json\/wp\/v2\/product_tag?post=29891"}],"curies":[{"name":"wp","href":"https:\/\/api.w.org\/{rel}","templated":true}]}}