{"id":28976,"date":"2022-09-15T18:08:27","date_gmt":"2022-09-15T18:08:27","guid":{"rendered":"https:\/\/trojka.pl\/index.php\/produkt\/karty-pamieci-rozne-mmcmemory-stick-cf-m2-32mb-1024mb\/"},"modified":"2022-09-15T18:08:27","modified_gmt":"2022-09-15T18:08:27","slug":"karty-pamieci-rozne-mmcmemory-stick-cf-m2-32mb-1024mb","status":"publish","type":"product","link":"https:\/\/trojka.pl\/index.php\/produkt\/karty-pamieci-rozne-mmcmemory-stick-cf-m2-32mb-1024mb\/","title":{"rendered":"KARTY PAMI\u0118CI R\u00d3\u017bNE MMC,MEMORY STICK, CF, M2 32MB-1024MB"},"content":{"rendered":"","protected":false},"excerpt":{"rendered":"","protected":false},"featured_media":0,"template":"","meta":[],"product_cat":[24],"product_tag":[],"class_list":["post-28976","product","type-product","status-publish","hentry","product_cat-bez-kategorii"],"_links":{"self":[{"href":"https:\/\/trojka.pl\/index.php\/wp-json\/wp\/v2\/product\/28976","targetHints":{"allow":["GET"]}}],"collection":[{"href":"https:\/\/trojka.pl\/index.php\/wp-json\/wp\/v2\/product"}],"about":[{"href":"https:\/\/trojka.pl\/index.php\/wp-json\/wp\/v2\/types\/product"}],"wp:attachment":[{"href":"https:\/\/trojka.pl\/index.php\/wp-json\/wp\/v2\/media?parent=28976"}],"wp:term":[{"taxonomy":"product_cat","embeddable":true,"href":"https:\/\/trojka.pl\/index.php\/wp-json\/wp\/v2\/product_cat?post=28976"},{"taxonomy":"product_tag","embeddable":true,"href":"https:\/\/trojka.pl\/index.php\/wp-json\/wp\/v2\/product_tag?post=28976"}],"curies":[{"name":"wp","href":"https:\/\/api.w.org\/{rel}","templated":true}]}}