{"id":28370,"date":"2022-09-15T18:06:48","date_gmt":"2022-09-15T18:06:48","guid":{"rendered":"https:\/\/trojka.pl\/index.php\/produkt\/gniazdo-zasilajace-komputerowe-zenskie\/"},"modified":"2022-09-15T18:06:48","modified_gmt":"2022-09-15T18:06:48","slug":"gniazdo-zasilajace-komputerowe-zenskie","status":"publish","type":"product","link":"https:\/\/trojka.pl\/index.php\/produkt\/gniazdo-zasilajace-komputerowe-zenskie\/","title":{"rendered":"GNIAZDO ZASILAJ\u0104CE KOMPUTEROWE (\u017ce\u0144skie)"},"content":{"rendered":"","protected":false},"excerpt":{"rendered":"","protected":false},"featured_media":0,"template":"","meta":[],"product_cat":[24],"product_tag":[],"class_list":["post-28370","product","type-product","status-publish","hentry","product_cat-bez-kategorii"],"_links":{"self":[{"href":"https:\/\/trojka.pl\/index.php\/wp-json\/wp\/v2\/product\/28370","targetHints":{"allow":["GET"]}}],"collection":[{"href":"https:\/\/trojka.pl\/index.php\/wp-json\/wp\/v2\/product"}],"about":[{"href":"https:\/\/trojka.pl\/index.php\/wp-json\/wp\/v2\/types\/product"}],"wp:attachment":[{"href":"https:\/\/trojka.pl\/index.php\/wp-json\/wp\/v2\/media?parent=28370"}],"wp:term":[{"taxonomy":"product_cat","embeddable":true,"href":"https:\/\/trojka.pl\/index.php\/wp-json\/wp\/v2\/product_cat?post=28370"},{"taxonomy":"product_tag","embeddable":true,"href":"https:\/\/trojka.pl\/index.php\/wp-json\/wp\/v2\/product_tag?post=28370"}],"curies":[{"name":"wp","href":"https:\/\/api.w.org\/{rel}","templated":true}]}}